 + c**2 - 9*c - 11. Let q(p) = -p**3 + p**2 - 2*p - 2. Let u(s) = -h(s) + 6*q(s). Let w be 6*-3*2/(-9). Calculate u(w).
3
Let h(g) = -2*g**2 + 20*g - 29. Let w(b) = -b**3 + 60*b**2 + 125*b - 53. Let k be w(62). Determine h(k).
-11
Let h be (9/3)/1 - 46. Let g = 47 + h. Suppose -4*m + 4 = 4*d, -g = d - 4*m - 30. Let w(x) = x. What is w(d)?
6
Let k(z) = -16*z**2 - 2*z - 3. Let p(s) be the first derivative of 17*s**3/3 + s**2 + 4*s + 41. Let w(r) = 3*k(r) + 2*p(r). Give w(-1).
-13
Suppose -n - n - 198 = -4*w, n = 5*w - 249. Let u be (1 + (-10)/(-6))/(w/75). Let v(b) = -3 + b**2 - b**3 + 2*b + 4*b + b**2 + 2. Give v(u).
-9
Let w(h) = -9 - 355*h**2 - 6*h + 0 + 341*h**2 + 30 + 14*h + h**3. What is w(14)?
133
Let a = -3 - -9. Let x(t) = t**2 + 18*t + 59. Let l be x(-13). Let q = a + l. Let z(i) = -i**3 - i + 8. Calculate z(q).
8
Let k(b) be the third derivative of b - 1/2*b**3 + 123*b**2 + 0 - 1/6*b**4 + 1/30*b**5. Suppose 0 = 4*t - 7*t - 9. What is k(t)?
27
Let x = -2814 + 2818. Let g(a) = a - 2. Let r(k) = -2*k. Let z(f) = -2*g(f) - 2*r(f). Determine z(x).
12
Let a(c) = 2*c - 15. Let q be a(14). Suppose -4*n = -3 - q. Suppose 3*u = -5*u + n*u. Let t(b) = -b - 2. What is t(u)?
-2
Let f be (-2)/(-9) + (-6 - (-1284)/54). Let l be (40/(-12))/(4*3/f). Let k(o) = o**3 + 6*o**2 + 5*o. Calculate k(l).
0
Let z(f) be the second derivative of -f**4/12 + f**3 + 11*f**2/2 - 5465*f. Suppose 0 = -m - 4*m + 45. What is z(m)?
-16
Let q(y) = 5*y**2 - 11*y - 1. Let o(m) = m**2 - 3*m. Let i(l) = 9*o(l) - 2*q(l). Let x = 46 - 42. Suppose -4*c + x = 16. What is i(c)?
8
Let l(h) = 5*h**2 - 2*h - 9. Suppose -t - 1 - 6 = -3*n, -2*n - 4*t = -28. What is l(n)?
63
Let r(c) be the third derivative of -c**4/8 + 7*c**3/2 - 3195*c**2. Give r(15).
-24
Suppose 796*z + 10 = 798*z. Let j(q) = 21*q - 4 - 6*q - 7*q - 9*q. Determine j(z).
-9
Let q(m) = m + 3. Suppose o = 6 - 4. Let n(z) = 27*z**2 - 11*z**2 - 15*z**2 + 1 - 9*z + o. Let k be n(8). Calculate q(k).
-2
Let j(c) = 70 - 117 + 56 - 3*c. Let f(p) = 2*p**2 + 2*p - 3. Let i be f(2). What is j(i)?
-18
Let g(c) be the second derivative of -c**3/6 - 19*c**2/2 + 1051*c. Give g(-8).
-11
Let a(f) be the second derivative of f**4/12 - 11*f**3/6 - 36*f**2 - 16*f - 172. Give a(15).
-12
Let a(c) = 3*c**3 - c**2 + 14*c - 2. Let b(x) = -10*x**3 - 2*x**2 - 46*x + 8. Let i(j) = -7*a(j) - 2*b(j). What is i(11)?
-68
Let p(o) = -369*o**2 + 1128*o**2 - 3*o - o**3 + 11 - 386*o**2 - 375*o**2. Determine p(0).
11
Suppose 39 = -9*q - 3*n, -13*q - 22 = -9*q + 2*n. Let s(u) = -11*u**2 - 11*u - 16. Calculate s(q).
-38
Let n(i) = 5*i + 1. Let c(r) = -11*r - 2. Let m(x) = 4*c(x) + 9*n(x). Suppose 32*b - 31*b = a + 4, -2*a + 34 = 4*b. What is m(a)?
4
Suppose 4*v - 2*v + 162 = 0. Let g be v/(-3)*(-3)/9. Let h(s) be the first derivative of -s**3/3 - 5*s**2 - 11*s + 66. What is h(g)?
-2
Let q(o) = -o**2 + 6*o - 20. Let b = -22982 - -22990. Give q(b).
-36
Let k be -12 - (6 - 13) - -337. Let j(b) = 0*b**2 + k - 318 + 8*b + b**2. Give j(-7).
7
Let v(w) be the third derivative of -w**5/30 - w**4/12 + 2*w**3/3 + 5*w**2 + 1. Let g(s) = 3*s**2 + s - 4. Let x(t) = -3*g(t) - 4*v(t). Give x(3).
2
Let c(i) = -i + 0*i**3 - 3*i**3 + 4*i**3 - 3*i**3. Let q = -81 + 83. Let n = -1 + q. What is c(n)?
-3
Suppose -2*r - 11 = 5*y, 2*r - 3*y = -0*r + 29. Let o(t) = -2*t - 318 - 2*t + 326. Give o(r).
-20
Let z(r) = -8*r - 7 - 5*r**2 + 5*r**2 - 12*r + r**2 + 54. Give z(18).
11
Let g(a) be the third derivative of -a**8/6720 - a**7/315 - a**6/144 + a**5/20 - 23*a**4/24 + 18*a**2. Let n(v) be the second derivative of g(v). What is n(-7)?
-8
Let r(c) = c**3 - 3*c**2 - 16*c - 8. Let s be (-4)/3*1035/460. What is r(s)?
-14
Let u(k) be the second derivative of -k**5/20 - 8*k**4/3 - 29*k**3/6 + 63*k**2/2 + 2060*k. Calculate u(-31).
1
Let b(w) be the third derivative of -3*w**5/20 - w**4/3 + 7*w**3/6 + 7889*w**2 - 2. Give b(1).
-10
Let k(j) = -778 - 4*j + 0*j + 820. Give k(14).
-14
Let b(s) = -100 + 3*s - 30 - s**2 + 94. Determine b(0).
-36
Let c(m) = -3*m - 141*m**3 - m + 10 + 139*m**3 + 2*m**2. Let i be c(2). Let d(z) = z + 11. What is d(i)?
5
Let v(i) = -117 - 8*i**2 + 57 + 60 + 6*i**2 + i. Give v(-1).
-3
Suppose -2 = f + u, 5*f + 35 = f + 5*u. Let z(m) be the third derivative of 0 + 1/24*m**4 + 0*m + 1/6*m**3 + 26*m**2. What is z(f)?
-4
Let n(p) = 7*p - 190. Suppose -h + 24*q - 23*q = -22, 2*h + 2*q = 64. What is n(h)?
-1
Let h(t) = 2*t**2 - 19*t + 573. Let y(i) = i**2 - 12*i + 382. Let u(p) = 5*h(p) - 8*y(p). Let a(f) be the first derivative of u(f). Determine a(1).
5
Suppose 2*j = -3*r - 16, -2*r = 9 - 1. Let k(l) = 2*l**2 + 2*l - 2. Let p be k(j). Let y(t) = -3*t**2 + 3*t. Determine y(p).
-6
Suppose 18 = -4*w - 0*w + 30. Let g(j) = -j**3 + 5*j**2 - 15*j + 31. What is g(w)?
4
Let h(q) = -q + 9. Suppose 2*c - 50 = 4*v, -118 = -5*c - 0*c + 3*v. Suppose -6*t + c + 19 = 0. What is h(t)?
2
Let r(q) = -615*q**3 + 8*q + 7*q**2 + 12 + 6*q + 616*q**3. Let c be r(-5). Let i(u) = u**3 + 9*u**2 + 8*u - 9. Give i(c).
-9
Let u = -19313 + 19305. Let q(x) = -2*x**3 - 13*x**2 + 22*x - 21. What is q(u)?
-5
Let r(q) be the second derivative of 3*q**5/20 - q**4/6 + q**3/6 - q**2 + 4*q. Suppose -284 = -92*f - 100. Determine r(f).
16
Let f(l) be the third derivative of l**6/120 - l**5/15 - l**4/3 + 2*l**3/3 - 14*l**2 - 29*l. Calculate f(5).
-11
Let p(c) = -c**2 + 2*c + 12. Let f(t) = 3*t**3 - 113*t**2 - 39*t + 48. Let g be f(38). What is p(g)?
-68
Let k(t) be the second derivative of t**4/12 + t**3/3 + 95*t**2 - 3*t + 30. Let c(d) be the first derivative of k(d). Determine c(-7).
-12
Let t = -2132 + 2118. Let y(d) = d**2 + 9*d - 3. Give y(t).
67
Suppose 28 = -h + 5*h - 2*u, -4*u = -8. Let o(m) be the first derivative of -m**4/4 + 7*m**3/3 + 7*m**2/2 + 10*m - 1194. Determine o(h).
2
Let t(f) = -7186 - 7185 + 14369 - f. Suppose 0 = 3*o - 17 - 1. Determine t(o).
-8
Let y(u) = -3*u**2 - 25*u + 69. Let a(r) = 2*r**2 + 25*r - 67. Let w(g) = -4*a(g) - 3*y(g). Let l be w(22). Let b(f) = 2*f**2 + 5*f - 6. What is b(l)?
19
Let m = -25 + -1. Let q = -23 - m. Let l(g) = -18*g**2 + 0*g**2 + g - 3 + 0 + g**3 + 17*g**2. Calculate l(q).
18
Let v(c) be the first derivative of 5*c**4/4 - c**3 + c**2 + 5*c + 99. Let j(r) = -14*r**3 + 8*r**2 - 5*r - 13. Let i(p) = 4*j(p) + 11*v(p). Give i(-2).
3
Let k(m) = m**2 - m + 2. Let r(s) = -s**2 + s - 2. Suppose -41*y = -57*y - 64. Let j(z) = y*r(z) - 3*k(z). Let g = 0 - -2. Determine j(g).
4
Let l(g) = -g**3 - 5*g**2 + g - 2. Let z be -11 + 3 + (1 - -2). Give l(z).
-7
Let n(l) be the second derivative of l**3 - l. Suppose -1071 = 2*i + o, -3*i - 2*i + 2*o - 2655 = 0. Let h = -535 - i. Give n(h).
-12
Let i be 1 + (-26)/28 - 47286/(-5964). Let h(q) be the first derivative of -q**3/3 + 5*q**2 + q - 7. Determine h(i).
17
Let c(b) = 0*b + 4351 + 2*b - 4320. Let g be c(-14). Let a(l) = -l**2 + l + 4. What is a(g)?
-2
Let a(m) = 4 + m**2 - 16*m + 94 + 44*m + 76. Let o be a(-18). Let h(g) = -g - 13. What is h(o)?
-7
Let b(i) = -i**2 + 9*i - 13. Let t be b(5). Suppose 18*v - 35 = 13*v. Suppose 0 - v = -t*m. Let w(y) = -y. Determine w(m).
-1
Let x(i) = i**3 - 9*i**2 - 2*i - 7. Suppose -4*s = m - 25, -2*m + 7*s = -11 + 21. Calculate x(m).
-25
Let r(w) = w + 2. Let f(m) = -m**2 + 14. Let j be f(6). Let g = 24 + j. Suppose -3*o - g*o + 18 = u, -o = u - 6. Give r(o).
5
Let y(z) = z**2 + 1. Suppose -7*o - 83 = 111 - 243. What is y(o)?
50
Let m = -4448 - -4453. Let s(h) be the second derivative of -20*h + 0 + 5*h**2 + 1/20*h**m - 7/12*h**4 - 3/2*h**3. Calculate s(8).
2
Suppose -46*v - 86 = 190. Let q(w) = -w**2 - 2*w + 5. Give q(v).
-19
Let b(q) = -q**2 + 1. Let g(r) = -2*r**2 + 37*r + 21. Let o be g(19). Suppose z + o*y = 2*z - 6, -5*z + 4*y + 12 = 0. Calculate b(z).
1
Let h(n) = -n**2 + 4*n + 6. Let d be h(5). Let j(w) = -79*w**2 + 4*w - 5*w - 1 + 37*w**3 + 80*w**2 - 3 + 5 - 55*w**3. Calculate j(d).
-17
Let y(h) = -h**2 - 16*h - 25. Let j(t) = 15*t**3 - 4*t**2 - 11*t - 9. Let v be j(-1). Determine y(v).
-42
Suppose -3*a + 197 = -197 + 418. Let m(d) = d**2 + 11*d + 9. What is m(a)?
-15
Let q(p) = 41*p - 2. Let w(g) = -187*g + 8. Let i(f) = 9*q(f) + 2*w(f). Determine i(-5).
23
Suppose -26*o = -22*o + 40. Let s = -47 - -49. Let b(g) = -g - s + 0*g - 9 - 1. Give b(o).
-2
Let s(k) = -9*k**2 + 145*k -